tors of 4568?
2, 571
List the prime factors of 300.
2, 3, 5
List the prime factors of 670.
2, 5, 67
What are the prime factors of 7377?
3, 2459
List the prime factors of 17537.
13, 19, 71
List the prime factors of 4986.
2, 3, 277
List the prime factors of 249.
3, 83
What are the prime factors of 822?
2, 3, 137
List the prime factors of 1477.
7, 211
What are the prime factors of 61?
61
What are the prime factors of 75678?
2, 3, 12613
What are the prime factors of 3512?
2, 439
What are the prime factors of 1883?
7, 269
What are the prime factors of 318?
2, 3, 53
What are the prime factors of 2195?
5, 439
What are the prime factors of 473?
11, 43
List the prime factors of 46788.
2, 3, 7, 557
List the prime factors of 52209.
3, 5801
What are the prime factors of 625?
5
What are the prime factors of 246?
2, 3, 41
What are the prime factors of 7456?
2, 233
What are the prime factors of 6285?
3, 5, 419
List the prime factors of 13465.
5, 2693
List the prime factors of 664.
2, 83
What are the prime factors of 8190?
2, 3, 5, 7, 13
What are the prime factors of 13723?
13723
List the prime factors of 25270.
2, 5, 7, 19
List the prime factors of 58120.
2, 5, 1453
What are the prime factors of 886?
2, 443
List the prime factors of 7730.
2, 5, 773
List the prime factors of 1713.
3, 571
What are the prime factors of 80788?
2, 19, 1063
What are the prime factors of 5383?
7, 769
List the prime factors of 11575.
5, 463
What are the prime factors of 7099?
31, 229
List the prime factors of 77557.
77557
List the prime factors of 116831.
11, 13, 19, 43
List the prime factors of 400.
2, 5
What are the prime factors of 1747?
1747
List the prime factors of 2628.
2, 3, 73
List the prime factors of 134004.
2, 3, 13, 859
What are the prime factors of 27310?
2, 5, 2731
List the prime factors of 2422.
2, 7, 173
List the prime factors of 98201.
283, 347
List the prime factors of 32704.
2, 7, 73
List the prime factors of 7818.
2, 3, 1303
List the prime factors of 7855.
5, 1571
What are the prime factors of 37929?
3, 47, 269
List the prime factors of 14250.
2, 3, 5, 19
List the prime factors of 694.
2, 347
What are the prime factors of 31853?
53, 601
What are the prime factors of 1076?
2, 269
What are the prime factors of 6898?
2, 3449
List the prime factors of 4395.
3, 5, 293
List the prime factors of 5008.
2, 313
What are the prime factors of 47136?
2, 3, 491
What are the prime factors of 1647?
3, 61
List the prime factors of 70.
2, 5, 7
List the prime factors of 7470.
2, 3, 5, 83
List the prime factors of 1896.
2, 3, 79
List the prime factors of 8496.
2, 3, 59
List the prime factors of 293.
293
What are the prime factors of 57090?
2, 3, 5, 11, 173
List the prime factors of 328.
2, 41
What are the prime factors of 130?
2, 5, 13
What are the prime factors of 19191?
3, 6397
What are the prime factors of 619?
619
List the prime factors of 354.
2, 3, 59
List the prime factors of 714.
2, 3, 7, 17
What are the prime factors of 12181?
13, 937
What are the prime factors of 45974?
2, 127, 181
What are the prime factors of 59642?
2, 11, 2711
What are the prime factors of 3735?
3, 5, 83
What are the prime factors of 724?
2, 181
List the prime factors of 2038.
2, 1019
List the prime factors of 3313.
3313
What are the prime factors of 4072?
2, 509
What are the prime factors of 501?
3, 167
List the prime factors of 2301.
3, 13, 59
List the prime factors of 122648.
2, 15331
List the prime factors of 1327.
1327
List the prime factors of 1352.
2, 13
List the prime factors of 22507.
71, 317
What are the prime factors of 400?
2, 5
What are the prime factors of 16318?
2, 41, 199
What are the prime factors of 13780?
2, 5, 13, 53
What are the prime factors of 483?
3, 7, 23
List the prime factors of 5608.
2, 701
List the prime factors of 1594.
2, 797
What are the prime factors of 93923?
93923
What are the prime factors of 99584?
2, 389
List the prime factors of 2509.
13, 193
List the prime factors of 16461.
3, 31, 59
List the prime factors of 6952.
2, 11, 79
What are the prime factors of 21986?
2, 10993
What are the prime factors of 88?
2, 11
List the prime factors of 2664.
2, 3, 37
List the prime factors of 837.
3, 31
List the prime factors of 889.
7, 127
List the prime factors of 2705.
5, 541
List the prime factors of 1038.
2, 3, 173
List the prime factors of 3520.
2, 5, 11
List the prime factors of 2787.
3, 929
List the prime factors of 28334.
2, 31, 457
What are the prime factors of 82011?
3, 27337
List the prime factors of 2226.
2, 3, 7, 53
List the prime factors of 341.
11, 31
List the prime factors of 372.
2, 3, 31
What are the prime factors of 7073?
11, 643
List the prime factors of 145983.
3, 48661
List the prime factors of 54944.
2, 17, 101
List the prime factors of 11034.
2, 3, 613
What are the prime factors of 28868?
2, 7, 1031
List the prime factors of 2068.
2, 11, 47
What are the prime factors of 37565?
5, 11, 683
What are the prime factors of 677?
677
List the prime factors of 85518.
2, 3, 4751
What are the prime factors of 14626?
2, 71, 103
List the prime factors of 1539.
3, 19
What are the prime factors of 46616?
2, 5827
What are the prime factors of 2563?
11, 233
List the prime factors of 26828.
2, 19, 353
What are the prime factors of 3958?
2, 1979
What are the prime factors of 18975?
3, 5, 11, 23
List the prime factors of 2929.
29, 101
List the prime factors of 37422.
2, 3, 7, 11
What are the prime factors of 207176?
2, 19, 29, 47
What are the prime factors of 1324?
2, 331
List the prime factors of 6088.
2, 761
What are the prime factors of 41138?
2, 67, 307
What are the prime factors of 38482?
2, 71, 271
What are the prime factors of 59388?
2, 3, 7, 101
What are the prime factors of 70889?
7, 13, 19, 41
List the prime factors of 27219.
3, 43, 211
List the prime factors of 126626.
2, 63313
List the prime factors of 23421.
3, 37, 211
List the prime factors of 14423.
14423
What are the prime factors of 47684?
2, 7, 13, 131
What are the prime factors of 15452?
2, 3863
What are the prime factors of 23875?
5, 191
List the prime factors of 36027.
3, 4003
What are the prime factors of 4890?
2, 3, 5, 163
What are the prime factors of 564?
2, 3, 47
What are the prime factors of 765?
3, 5, 17
What are the prime factors of 21048?
2, 3, 877
List the prime factors of 1940.
2, 5, 97
What are the prime factors of 37835?
5, 7, 23, 47
List the prime factors of 928.
2, 29
What are the prime factors of 59015?
5, 11, 29, 37
What are the prime factors of 56599?
56599
List the prime factors of 56275.
5, 2251
What are the prime factors of 8900?
2, 5, 89
List the prime factors of 814.
2, 11, 37
What are the prime factors of 2420?
2, 5, 11
List the prime factors of 62201.
62201
What are the prime factors of 4846?
2, 2423
List the prime factors of 359.
359
List the prime factors of 2237.
2237
List the prime factors of 886.
2, 443
What are the prime factors of 5646?
2, 3, 941
What are the prime factors of 963?
3, 107
List the prime factors of 38368.
2, 11, 109
List the prime factors of 51875.
5, 83
List the prime factors of 990.
2, 3, 5, 11
List the prime factors of 1091.
1091
What are the prime factors of 160809?
3, 11, 443
List the prime factors of 1533.
3, 7, 73
What are the prime factors of 1114?
2, 557
List the prime factors of 43989.
3, 11, 31, 43
What are the prime factors of 26523?
3, 7, 421
List the prime factors of 3652.
2, 11, 83
List the prime factors of 309.
3, 103
List the prime factors of 835.
5, 167
List the prime factors of 3688.
2, 461
What are the prime factors of 2649?
3, 883
List the prime factors of 44210.
2, 5, 4421
List the prime factors of 2453.
11, 223
What are the prime factors of 52?
2, 13
What are the prime factors of 3084?
2, 3, 257
List the prime factors of 10212.
2, 3, 23, 37
What are the prime factors of 133355?
5, 149, 179
What are the prime factors of 16062?
2, 3, 2677
List the prime factors of 8673.
3, 7, 59
List the prime factors of 7473.
3, 47, 53
What are the prime factors of 2086?
2, 7, 149
List the prime factors of 7.
7
List the prime factors of 5919.
3, 1973
What are the prime factors of 4640?
2, 5, 29
What are the prime factors of 33395?
5, 6679
List the prime factors of 3765.
3, 5, 251
What are the prime factors of 1357?
23, 59
List the prime factors of 2